{"id":164,"date":"2013-01-22T06:36:57","date_gmt":"2013-01-22T05:36:57","guid":{"rendered":"http:\/\/philipp-beagles.de\/Wordpress\/?page_id=164"},"modified":"2013-10-01T05:29:08","modified_gmt":"2013-10-01T04:29:08","slug":"b-wurf","status":"publish","type":"page","link":"https:\/\/philipp-beagles.de\/?page_id=164","title":{"rendered":"B-Wurf"},"content":{"rendered":"<p><img decoding=\"async\" src=\"https:\/\/philipp-beagles.de\/\/wp-content\/uploads\/2013\/01\/pic60.jpg\" alt=\"\" \/><br \/>\nBea hat ein neues zu Hause gefunden und lebt jetzt bei Familie Jung in Dausenau (an der Lahn).<\/p>\n<p><img decoding=\"async\" src=\"https:\/\/philipp-beagles.de\/\/wp-content\/uploads\/2013\/01\/pic59.jpg\" alt=\"\" \/><br \/>\nBrian-Junior (Billy) 6 Monate alt \u2013 Auch wenn ich ruhe habe ich alles im Blick!!<\/p>\n<p><img decoding=\"async\" src=\"https:\/\/philipp-beagles.de\/\/wp-content\/uploads\/2013\/01\/benita01.jpg\" alt=\"\" \/><br \/>\nBenita (Lotta) jetzt 6 Monate alt \u2013 was k\u00f6nnte ich denn jetzt als n\u00e4chstes anstellen?<\/p>\n<p><img decoding=\"async\" src=\"https:\/\/philipp-beagles.de\/\/wp-content\/uploads\/fgallery\/2013060913294543.jpg\" alt=\"\" \/><br \/>\nBilly Brian-Junior wohnt jetzt bei Familie Drie\u00dfler in Riegelsberg<\/p>\n<p><img decoding=\"async\" src=\"https:\/\/philipp-beagles.de\/\/wp-content\/uploads\/fgallery\/2013060913294827.jpg\" alt=\"\" \/><br \/>\nBenita (Lotta) wohnt jetzt bei Familie Egenberger-Misch in Darmstadt<\/p>\n<p><img decoding=\"async\" src=\"https:\/\/philipp-beagles.de\/\/wp-content\/uploads\/fgallery\/2013050517572660.JPG\" alt=\"\" \/><\/p>\n<p><img decoding=\"async\" src=\"https:\/\/philipp-beagles.de\/\/wp-content\/uploads\/fgallery\/2013050517572871.JPG\" alt=\"\" \/><\/p>\n<p><img decoding=\"async\" src=\"https:\/\/philipp-beagles.de\/\/wp-content\/uploads\/fgallery\/2013050517573248.JPG\" alt=\"\" \/><br \/>\nAuch im Schatten f\u00fchlen wir uns wohl!!<\/p>\n<p><img decoding=\"async\" src=\"https:\/\/philipp-beagles.de\/\/wp-content\/uploads\/fgallery\/2013041413360643.jpg\" alt=\"\" \/><br \/>\n3 Wochen alt und schon ganz sch\u00f6n hungrig!!!<\/p>\n<p><img decoding=\"async\" src=\"https:\/\/philipp-beagles.de\/\/wp-content\/uploads\/fgallery\/2013040714595798.jpg\" alt=\"\" \/><br \/>\nBrian-Junior<br \/>\nAuch unter der Br\u00fccke lebt sich\u00b4s ganz gut!!!!<\/p>\n<p><img decoding=\"async\" src=\"https:\/\/philipp-beagles.de\/\/wp-content\/uploads\/fgallery\/2013040714595139.jpg\" alt=\"\" \/><br \/>\nBea<br \/>\nBin ich nicht ein s\u00fc\u00dfer Fratz???<\/p>\n<p><img decoding=\"async\" src=\"https:\/\/philipp-beagles.de\/\/wp-content\/uploads\/fgallery\/2013040714594670.jpg\" alt=\"\" \/><br \/>\nBonny<br \/>\nKleiner d\u00fcrfte das Fenster nicht sein!!!!<\/p>\n<p><img decoding=\"async\" src=\"https:\/\/philipp-beagles.de\/\/wp-content\/uploads\/fgallery\/2013040714594957.jpg\" alt=\"\" \/><br \/>\nIch lehne mich schon ganz sch\u00f6n weit aus dem Fenster!!!!<\/p>\n<p><img decoding=\"async\" src=\"https:\/\/philipp-beagles.de\/\/wp-content\/uploads\/fgallery\/2013040714595448.jpg\" alt=\"\" \/><br \/>\nGeschwisterliebe im SERADA Garden!!!!<\/p>\n<p><img decoding=\"async\" src=\"https:\/\/philipp-beagles.de\/\/wp-content\/uploads\/fgallery\/2013032307170498.JPG\" alt=\"\" \/><br \/>\nBea from SERADA Garden<br \/>\nGeb. 20.03.2013, 04:50 Uhr<br \/>\nH\u00fcndin: bicolour<br \/>\nGeburtsgewicht: 328 Gramm<\/p>\n<p><img decoding=\"async\" src=\"https:\/\/philipp-beagles.de\/\/wp-content\/uploads\/fgallery\/2013032307170753.JPG\" alt=\"\" \/><br \/>\nBrian-Junior from SERADA Garden<br \/>\nGeb. 20.03.2013, 05:03 Uhr<br \/>\nR\u00fcde: tricolour<br \/>\nGeburtsgewicht: 324 Gramm<\/p>\n<p><img decoding=\"async\" src=\"https:\/\/philipp-beagles.de\/\/wp-content\/uploads\/fgallery\/2013032307170932.JPG\" alt=\"\" \/><br \/>\nBonny from SERADA Garden<br \/>\nGeb. 20.03.2013, 05:33 Uhr<br \/>\nH\u00fcndin: bicolor<br \/>\nGeburtsgewicht: 386 Gramm<\/p>\n<p><img decoding=\"async\" src=\"https:\/\/philipp-beagles.de\/\/wp-content\/uploads\/fgallery\/201303230717112.JPG\" alt=\"\" \/><br \/>\nBenita from SERADA Garden<br \/>\nGeb. 20.03.2013, 05:53 Uhr<br \/>\nH\u00fcndin: tricolor<br \/>\nGeburtsgewicht: 344 Gramm<\/p>\n<p><img decoding=\"async\" src=\"https:\/\/philipp-beagles.de\/\/wp-content\/uploads\/fgallery\/2013032307171343.JPG\" alt=\"\" \/><br \/>\nUns geht\u2019s schon richtig gut!!!!!<\/p>\n<p><img decoding=\"async\" src=\"https:\/\/philipp-beagles.de\/\/wp-content\/uploads\/fgallery\/2013032307171640.JPG\" alt=\"\" \/><br \/>\nDie M\u00e4dels from SERADA Garden<\/p>\n<hr align=\"left\" size=\"1\" \/>\n<p>&nbsp;<\/p>\n<p>Ihre Verm\u00e4hlung geben bekannt:<\/p>\n<p>Tesla von der Halben Welt<br \/>\nund<br \/>\nNorcis The Life of Brian<br \/>\nAm 16.01.2013 um 16:58 Uhr<\/p>\n<p>Trauzeugen:<br \/>\nAnnerose und Egon Philipp<br \/>\nMonika und Peter Hahnenberg<\/p>\n<p><img decoding=\"async\" src=\"https:\/\/philipp-beagles.de\/\/wp-content\/uploads\/fgallery\/2013012205424952.jpg\" alt=\"\" \/><br \/>\nTesla und Brian am 16.01.2013 in Rheinbach<br \/>\nF\u00fcr Liebe im Freien war\u00b4s einfach zu kalt!!!<\/p>\n<p><img decoding=\"async\" src=\"https:\/\/philipp-beagles.de\/\/wp-content\/uploads\/fgallery\/201301220542518.jpg\" alt=\"\" \/><br \/>\nTesla von der Halben Welt<\/p>\n<p><img decoding=\"async\" src=\"https:\/\/philipp-beagles.de\/\/wp-content\/uploads\/fgallery\/2013012205425475.jpg\" alt=\"\" \/><br \/>\nNorcis The Life of Brian<\/p>\n","protected":false},"excerpt":{"rendered":"<p>Bea hat ein neues zu Hause gefunden und lebt jetzt bei Familie Jung in Dausenau (an der Lahn). Brian-Junior (Billy) 6 Monate alt \u2013 Auch wenn ich ruhe habe ich alles im Blick!! Benita (Lotta) jetzt 6 Monate alt \u2013 was k\u00f6nnte ich denn jetzt als n\u00e4chstes anstellen? Billy Brian-Junior wohnt jetzt bei Familie Drie\u00dfler [&hellip;]<\/p>\n","protected":false},"author":1,"featured_media":0,"parent":60,"menu_order":2,"comment_status":"open","ping_status":"open","template":"","meta":{"footnotes":""},"class_list":["post-164","page","type-page","status-publish","hentry"],"_links":{"self":[{"href":"https:\/\/philipp-beagles.de\/index.php?rest_route=\/wp\/v2\/pages\/164","targetHints":{"allow":["GET"]}}],"collection":[{"href":"https:\/\/philipp-beagles.de\/index.php?rest_route=\/wp\/v2\/pages"}],"about":[{"href":"https:\/\/philipp-beagles.de\/index.php?rest_route=\/wp\/v2\/types\/page"}],"author":[{"embeddable":true,"href":"https:\/\/philipp-beagles.de\/index.php?rest_route=\/wp\/v2\/users\/1"}],"replies":[{"embeddable":true,"href":"https:\/\/philipp-beagles.de\/index.php?rest_route=%2Fwp%2Fv2%2Fcomments&post=164"}],"version-history":[{"count":19,"href":"https:\/\/philipp-beagles.de\/index.php?rest_route=\/wp\/v2\/pages\/164\/revisions"}],"predecessor-version":[{"id":219,"href":"https:\/\/philipp-beagles.de\/index.php?rest_route=\/wp\/v2\/pages\/164\/revisions\/219"}],"up":[{"embeddable":true,"href":"https:\/\/philipp-beagles.de\/index.php?rest_route=\/wp\/v2\/pages\/60"}],"wp:attachment":[{"href":"https:\/\/philipp-beagles.de\/index.php?rest_route=%2Fwp%2Fv2%2Fmedia&parent=164"}],"curies":[{"name":"wp","href":"https:\/\/api.w.org\/{rel}","templated":true}]}}